 is the remainder when 157 is divided by 74?
9
Calculate the remainder when 60 is divided by 23.
14
Calculate the remainder when 160 is divided by 70.
20
What is the remainder when 3005 is divided by 18?
17
Calculate the remainder when 197 is divided by 89.
19
What is the remainder when 139 is divided by 30?
19
Calculate the remainder when 37 is divided by 15.
7
What is the remainder when 1181 is divided by 91?
89
What is the remainder when 608 is divided by 61?
59
Calculate the remainder when 392 is divided by 46.
24
What is the remainder when 309 is divided by 36?
21
What is the remainder when 66 is divided by 18?
12
Calculate the remainder when 314 is divided by 29.
24
Calculate the remainder when 98 is divided by 33.
32
What is the remainder when 278 is divided by 97?
84
Calculate the remainder when 641 is divided by 41.
26
What is the remainder when 265 is divided by 227?
38
Calculate the remainder when 957 is divided by 69.
60
What is the remainder when 238 is divided by 48?
46
Calculate the remainder when 53 is divided by 11.
9
Calculate the remainder when 309 is divided by 110.
89
What is the remainder when 228 is divided by 58?
54
What is the remainder when 3459 is divided by 217?
204
What is the remainder when 63 is divided by 13?
11
Calculate the remainder when 829 is divided by 243.
100
Calculate the remainder when 282 is divided by 13.
9
Calculate the remainder when 2250 is divided by 16.
10
What is the remainder when 5588 is divided by 130?
128
What is the remainder when 162 is divided by 19?
10
What is the remainder when 467 is divided by 91?
12
Calculate the remainder when 672 is divided by 107.
30
Calculate the remainder when 1029 is divided by 337.
18
Calculate the remainder when 139 is divided by 70.
69
Calculate the remainder when 2052 is divided by 160.
132
Calculate the remainder when 103 is divided by 29.
16
Calculate the remainder when 141 is divided by 20.
1
Calculate the remainder when 194 is divided by 32.
2
Calculate the remainder when 9763 is divided by 63.
61
What is the remainder when 710 is divided by 76?
26
Calculate the remainder when 209 is divided by 63.
20
What is the remainder when 1191 is divided by 35?
1
Calculate the remainder when 347 is divided by 84.
11
What is the remainder when 122 is divided by 31?
29
What is the remainder when 1434 is divided by 104?
82
What is the remainder when 1901 is divided by 16?
13
Calculate the remainder when 166 is divided by 50.
16
Calculate the remainder when 1465 is divided by 147.
142
Calculate the remainder when 4916 is divided by 702.
2
What is the remainder when 252 is divided by 64?
60
Calculate the remainder when 145 is divided by 18.
1
Calculate the remainder when 168 is divided by 17.
15
Calculate the remainder when 1418 is divided by 43.
42
What is the remainder when 22462 is divided by 16?
14
Calculate the remainder when 276 is divided by 116.
44
What is the remainder when 5033 is divided by 95?
93
Calculate the remainder when 156 is divided by 40.
36
Calculate the remainder when 65 is divided by 11.
10
Calculate the remainder when 12280 is divided by 267.
265
What is the remainder when 5317 is divided by 70?
67
Calculate the remainder when 5695 is divided by 81.
25
Calculate the remainder when 247 is divided by 28.
23
Calculate the remainder when 2197 is divided by 45.
37
Calculate the remainder when 751 is divided by 23.
15
What is the remainder when 425 is divided by 109?
98
What is the remainder when 30 is divided by 14?
2
What is the remainder when 111 is divided by 19?
16
What is the remainder when 39 is divided by 20?
19
Calculate the remainder when 3154 is divided by 44.
30
Calculate the remainder when 454 is divided by 21.
13
Calculate the remainder when 146 is divided by 59.
28
What is the remainder when 186 is divided by 60?
6
What is the remainder when 603 is divided by 285?
33
Calculate the remainder when 788 is divided by 56.
4
What is the remainder when 2342 is divided by 8?
6
Calculate the remainder when 255 is divided by 117.
21
What is the remainder when 255 is divided by 48?
15
Calculate the remainder when 1069 is divided by 63.
61
Calculate the remainder when 28834 is divided by 18.
16
Calculate the remainder when 2301 is divided by 128.
125
What is the remainder when 498 is divided by 20?
18
What is the remainder when 71 is divided by 28?
15
Calculate the remainder when 90 is divided by 49.
41
What is the remainder when 257 is divided by 133?
124
Calculate the remainder when 141 is divided by 30.
21
What is the remainder when 1138 is divided by 67?
66
Calculate the remainder when 949 is divided by 190.
189
Calculate the remainder when 1018 is divided by 68.
66
Calculate the remainder when 1103 is divided by 551.
1
What is the remainder when 532 is divided by 13?
12
What is the remainder when 379 is divided by 83?
47
What is the remainder when 115 is divided by 21?
10
What is the remainder when 449 is divided by 25?
24
What is the remainder when 2744 is divided by 61?
60
Calculate the remainder when 131 is divided by 23.
16
Calculate the remainder when 423 is divided by 108.
99
What is the remainder when 386 is divided by 26?
22
What is the remainder when 1519 is divided by 80?
79
What is the remainder when 255 is divided by 15?
0
Calculate the remainder when 97 is divided by 26.
19
What is the remainder when 180 is divided by 49?
33
What is the remainder when 532 is divided by 55?
37
Calculate the remainder when 987 is divided by 122.
11
What is the remainder when 4051 is divided by 407?
388
What is the remainder when 127 is divided by 69?
58
Calculate the remainder when 281 is divided by 64.
25
What is the remainder when 198 is divided by 18?
0
Calculate the remainder when 1912 is divided by 20.
12
What is the remainder when 298 is divided by 50?
48
What is the remainder when 456 is divided by 150?
6
What is the remainder when 3507 is divided by 45?
42
Calculate the remainder when 337 is divided by 72.
49
What is the remainder when 5097 is divided by 34?
31
What is the remainder when 1016 is divided by 34?
30
Calculate the remainder when 2351 is divided by 1161.
29
What is the remainder when 481 is divided by 22?
19
Calculate the remainder when 279 is divided by 70.
69
What is the remainder when 1138 is divided by 163?
160
Calculate the remainder when 371 is divided by 104.
59
What is the remainder when 55 is divided by 12?
7
Calculate the remainder when 3018 is divided by 108.
102
What is the remainder when 534 is divided by 97?
49
Calculate the remainder when 121 is divided by 36.
13
What is the remainder when 3807 is divided by 89?
69
Calculate the remainder when 304 is divided by 79.
67
Calculate the remainder when 148 is divided by 39.
31
What is the remainder when 403 is divided by 192?
19
Calculate the remainder when 157 is divided by 42.
31
Calculate the remainder when 1399 is divided by 177.
160
Calculate the remainder when 258 is divided by 33.
27
What is the remainder when 2439 is divided by 61?
60
Calculate the remainder when 22 is divided by 19.
3
Calculate the remainder when 1639 is divided by 147.
22
Calculate the remainder when 377 is divided by 45.
17
What is the remainder when 9156 is divided by 229?
225
What is the remainder when 806 is divided by 29?
23
Calculate the remainder when 202 is divided by 12.
10
What is the remainder when 1133 is divided by 36?
17
What is the remainder when 1951 is divided by 159?
43
Calculate the remainder when 303 is divided by 51.
48
Calculate the remainder when 109 is divided by 35.
4
What is the remainder when 295 is divided by 50?
45
Calculate the remainder when 195 is divided by 72.
51
What is the remainder when 122 is divided by 11?
1
Calculate the remainder when 3663 is divided by 1221.
0
Calculate the remainder when 1313 is divided by 87.
8
What is the remainder when 139 is divided by 47?
45
What is the remainder when 681 is divided by 11?
10
Calculate the remainder when 88 is divided by 4.
0
What is the remainder when 292 is divided by 145?
2
Calculate the remainder when 951 is divided by 313.
12
Calculate the remainder when 19885 is divided by 176.
173
Calculate the remainder when 98 is divided by 50.
48
Calculate the remainder when 353 is divided by 23.
8
Calculate the re